{"id":1850,"date":"2017-08-30T03:05:42","date_gmt":"2017-08-30T07:05:42","guid":{"rendered":"http:\/\/www.softbec.ca\/aide\/?page_id=1850"},"modified":"2017-09-25T15:43:50","modified_gmt":"2017-09-25T19:43:50","slug":"composantes","status":"publish","type":"page","link":"https:\/\/www.softbec.ca\/aide\/composantes\/","title":{"rendered":"Composantes"},"content":{"rendered":"<div class=\"wpb-content-wrapper\"><p>[vc_row][vc_column][vc_column_text][\/vc_column_text][\/vc_column][\/vc_row][vc_row][vc_column][vc_column_text][\/vc_column_text][vc_text_separator title=&#8221;LES COMPOSANTES&#8221;][vc_images_carousel images=&#8221;2229&#8243; img_size=&#8221;full&#8221; onclick=&#8221;link_no&#8221;][\/vc_column][\/vc_row][vc_row][vc_column][vc_column_text]Les composantes regroupent les \u00e9l\u00e9ments connexes \u00e0 une bonne gestion d&#8217;entreprise et aux suivis transactionnels.<\/p>\n<p><!--more-->[\/vc_column_text][vc_separator][\/vc_column][\/vc_row][vc_row][vc_column][vc_basic_grid post_type=&#8221;post&#8221; max_items=&#8221;20&#8243; item=&#8221;1438&#8243; grid_id=&#8221;vc_gid:1506368609734-e2acc171-d95b-5&#8243; taxonomies=&#8221;20&#8243;][\/vc_column][\/vc_row]<\/p>\n<\/div>","protected":false},"excerpt":{"rendered":"<p>[vc_row][vc_column][vc_column_text][\/vc_column_text][\/vc_column][\/vc_row][vc_row][vc_column][vc_column_text][\/vc_column_text][vc_text_separator title=&#8221;LES COMPOSANTES&#8221;][vc_images_carousel images=&#8221;2229&#8243; img_size=&#8221;full&#8221; onclick=&#8221;link_no&#8221;][\/vc_column][\/vc_row][vc_row][vc_column][vc_column_text]Les composantes regroupent les \u00e9l\u00e9ments connexes \u00e0 une bonne gestion d&#8217;entreprise et aux suivis transactionnels.<\/p>\n","protected":false},"author":2,"featured_media":0,"parent":0,"menu_order":0,"comment_status":"closed","ping_status":"closed","template":"","meta":{"footnotes":""},"_links":{"self":[{"href":"https:\/\/www.softbec.ca\/aide\/wp-json\/wp\/v2\/pages\/1850"}],"collection":[{"href":"https:\/\/www.softbec.ca\/aide\/wp-json\/wp\/v2\/pages"}],"about":[{"href":"https:\/\/www.softbec.ca\/aide\/wp-json\/wp\/v2\/types\/page"}],"author":[{"embeddable":true,"href":"https:\/\/www.softbec.ca\/aide\/wp-json\/wp\/v2\/users\/2"}],"replies":[{"embeddable":true,"href":"https:\/\/www.softbec.ca\/aide\/wp-json\/wp\/v2\/comments?post=1850"}],"version-history":[{"count":0,"href":"https:\/\/www.softbec.ca\/aide\/wp-json\/wp\/v2\/pages\/1850\/revisions"}],"wp:attachment":[{"href":"https:\/\/www.softbec.ca\/aide\/wp-json\/wp\/v2\/media?parent=1850"}],"curies":[{"name":"wp","href":"https:\/\/api.w.org\/{rel}","templated":true}]}}